-9
Let u(q) = 2*q**2 - 3*q - 4. Let l be u(3). Let h(g) be the third derivative of -g**6/120 + g**5/10 - 7*g**4/24 + g**3/2 + 9*g**2 + 57*g. Give h(l).
-7
Suppose 4 + 1 = g. Suppose g*x + 27 = -3*i, 5*i = -4*x + 11 - 30. Let l(z) = z - 8. Determine l(x).
-14
Let o(d) = d**2 - 15*d + 8. Let s be o(15). Suppose -2*x + 46 = -s. Let n be 24/(-10) - x/45. Let z(g) = -4*g - 4. What is z(n)?
8
Let a(n) = -3151*n**3 + 3 + 1574*n**3 + 1576*n**3. Calculate a(2).
-5
Let o(r) be the third derivative of -13*r**4/8 + 51*r**3/2 + 67*r**2 - 10*r - 2. Give o(4).
-3
Suppose -40 = -5*w + 15. Let i(y) = 2*y + 10 + 5 - 24. Give i(w).
13
Let n(d) = d**2 - 2*d - 29. Let c be (-4)/(-46) - (-159)/23 - 1. What is n(c)?
-5
Let l(r) be the first derivative of -3*r**2/2 - 20*r + 8. Let t be l(-7). Let k(s) = -8*s + 3*s - t + s - 1. Determine k(2).
-10
Let f(v) be the third derivative of -1/6*v**3 - 36*v**2 + 0 - 1/24*v**4 + 0*v. Determine f(-7).
6
Let m(w) = -1 - 73*w - 57*w + 14*w**2 + 129*w. Give m(-2).
57
Let h(n) be the first derivative of -n**3/3 - 11*n**2/2 - 19*n + 1260. Give h(-12).
-31
Let t(m) be the first derivative of -14*m**3/3 + m**2 + 337. Calculate t(-2).
-60
Let f(z) = -z**2 - 25*z - 32. Suppose r + 43 = -2*l, -3*r = -17 + 2. Let y be f(l). Let n(g) = -2*g - 26. What is n(y)?
-10
Let o be (4 - (-2 - -4)) + -7. Let a(f) = -8 - 35*f - 31*f - 114*f + 179*f. Calculate a(o).
-3
Let t(a) = 2*a**2 - 19*a + 11. Let l be t(9). Suppose 30 = -y + l*x, 64 = -5*y + 3*x - 93. Let j = y + 26. Let z(r) = r**3 + 6*r**2 + 2*r + 1. Give z(j).
-11
Suppose -3*i - 4 = -4*i + b, -2*i + 3*b + 4 = 0. Suppose z + i*z - 63 = 0. Let v(t) be the second derivative of -t**3/6 + t**2/2 - 5*t. Determine v(z).
-6
Suppose 0 = -3*r + 5*b - 17, r = 2*r - 3*b + 7. Let p(m) = 18 - 30*m - 25*m + 50*m. Let t(j) = 3*j - 10. Let c(o) = -6*p(o) - 11*t(o). Calculate c(r).
14
Let d(v) = 2*v + 3. Suppose -18*t = -17*t + 139. Let h = t - -145. Determine d(h).
15
Let a(i) be the first derivative of i**7/840 + i**6/120 - 3*i**5/40 - i**4/8 + 2*i**3 + i**2 + 224. Let s(y) be the third derivative of a(y). Give s(-5).
-8
Let d(n) = n - 22. Let q(s) be the first derivative of 3*s**2/2 - 66*s - 135. Let u(o) = 17*d(o) - 6*q(o). Give u(10).
12
Let v = 79 - 153. Let w = v - -68. Let z(p) = 2*p**2 - 7*p - 5 - 4 - 3*p**2 + 3. Determine z(w).
0
Let x(j) = -j - 10. Suppose -7*s - 7 - 35 = 0. Let p be x(s). Let h be (-2)/(p/(12 + -4)). Let c(i) = -i**3 + 4*i**2 - 2*i + 2. Calculate c(h).
-6
Let w(p) = -7*p + 62. Let v be w(8). Let x(f) = f**2 - 3*f + 14. Give x(v).
32
Let u(p) = -513*p**3 + p**2 + 1033*p**3 + 11*p - 521*p**3 - 6. Determine u(4).
-10
Let n(d) = d**3 + 24*d**2 - 143*d + 68. Let z(p) = 29*p**3 + 2*p**2 - 30*p - 32. Let s be z(-1). Give n(s).
10
Let o(b) = -b**3 - 2*b**2 + 3*b - 3. Let v(f) = 23*f - 1. Let x be v(2). Let y = x - 42. Suppose r - 3*a - 2*a + y = 0, 0 = -2*r + a - 6. What is o(r)?
-3
Suppose 3*v = 4*x - 59 - 28, x = 2*v + 28. Let u(m) = -m**2 + 20*m - 43. Determine u(x).
-7
Let h(z) = z - 1. Let s(w) = w. Let y(v) = -h(v) - s(v). Let b(c) = 17*c - 9. Let j(r) = 2*b(r) + 14*y(r). What is j(4)?
20
Let i(r) be the second derivative of -13/2*r**2 + 1/20*r**5 + 11/6*r**3 + 7/6*r**4 - 13 - 2*r. Calculate i(-13).
13
Let a(l) = 13*l + 132. Let r(s) = -7*s - 67. Let q(c) = 6*a(c) + 11*r(c). Give q(0).
55
Let t(j) = -j**2 + 40*j - 183. Let x be t(5). Let k be (-6)/(-12)*x - -2. Let g(a) = -a + 1 - 2 + 0. Give g(k).
1
Let u(m) be the third derivative of m**4/3 - 645*m**2. What is u(6)?
48
Suppose -90 - 126 = -3*x. Suppose -8*f - x = f. Let s(k) = k**2 + 9*k + 8. Determine s(f).
0
Let l be 5 - (3 - -1) - 2 - -66. Suppose 6*x - l = -17. Let p(m) = -m**2 + 9*m - 9. Calculate p(x).
-1
Let u(w) = 3*w**2 - 41429*w**3 + 41428*w**3 + 8 - 2*w + 11*w**2. Determine u(14).
-20
Let y = -371 - -490. Let j(q) = 61 - y + 0*q + 54 - 5*q. Give j(4).
-24
Let x(g) = -g**2 - 4*g + 4. Let z = -2 + -44. Let d(l) = 41*l - 1. Let b be d(1). Let w = z + b. Calculate x(w).
-8
Let b be (-12 - -15)/((-2)/(-14)). Suppose b*w = 22*w + 4. Let h be (-2)/4 + (-22)/w. Let t(a) = a**3 - 4*a**2 - 8*a + 3. Determine t(h).
-12
Let y(o) = -18 + 569*o**2 - 4*o - o - 568*o**2. Determine y(11).
48
Let b(h) = -18*h + 31. Let c(z) = z**3 - 48*z**2 + 45*z + 96. Let s be c(47). Give b(s).
-5
Let f(o) = 27*o - 2 - 4*o**2 - 2 + 14 + 9 + 23*o. What is f(13)?
-7
Let m(f) = -3*f - 3. Let c(r) = -23*r**2 + 30*r + 1. Let u(b) = 12*b**2 - 16*b. Let i(x) = -6*c(x) - 11*u(x). Let q be i(-1). Calculate m(q).
-15
Let f(p) = -12*p + 5. Let m(b) = -41*b + 15. Let w(o) = 7*f(o) - 2*m(o). Calculate w(-2).
9
Let f(d) be the third derivative of -d**7/1260 + d**6/60 - d**5/24 + 67*d**4/24 - 38*d**2. Let o(a) be the second derivative of f(a). Calculate o(8).
-37
Let g(t) = 27*t - 224. Let l = -1251 - -1259. Give g(l).
-8
Let t(l) = -11*l. Let n(v) = 53*v - 51. Let b(x) = n(x) + 5*t(x). Determine b(-20).
-11
Suppose 256*c = 271*c - 15. Let l(b) = 2*b**2 - 2 - 2 - 12*b - 11 + c + 2. Determine l(9).
42
Let t be (-1)/2*(-948)/6. Let m = 73 - t. Let f(c) = 23*c - 20. Let w(z) = -8*z + 7. Let q(s) = -6*f(s) - 17*w(s). What is q(m)?
13
Let c(j) = 17*j + 30. Let o(s) = 13*s + 32. Let q(n) = 6*c(n) - 7*o(n). What is q(4)?
0
Let p = 505 + -506. Let h(y) be the first derivative of 13/2*y**2 + 3 + y. Determine h(p).
-12
Let q = -7172 - -7173. Let j(g) = 21*g - 2. Let l = 26 + -13. Let u(r) = 10*r - 1. Let x(n) = l*u(n) - 6*j(n). What is x(q)?
3
Let m = 176 - 121. Let q = -70 - -126. Let x(r) = 4*r**2 - 5*r**2 - 6*r - q + m. Determine x(-4).
7
Let u(z) = z**3 + 4*z**2 - 7*z - 5. Let v(n) = -31*n**3 + 2*n**2 - n - 3. Let f be v(-1). Suppose 0*l + 72 = -2*l. Let r = f + l. What is u(r)?
5
Let t(w) = -20*w - 15*w**2 - 1129 - 1128 - 1202 - w**3 + 3372. Calculate t(-14).
-3
Let b(k) = -k**3 - 8*k**2 - 2*k - 12. Let m be 2 + 1 + (4 - 2). Suppose 29 - m = -3*a. Calculate b(a).
4
Let a(x) = 201*x + 30 - 809*x + 197*x + 203*x + 203*x. What is a(5)?
5
Let q(v) = v**2 + 16*v - 30. Let b be q(-10). Let y be (-5)/20 + b/(-8). Let d(s) = -5 - 10 + s + 12. Calculate d(y).
8
Let r(n) be the first derivative of -n**5/20 + n**4 - 11*n**3/6 - 4*n**2 + 187*n + 74. Let c(g) be the first derivative of r(g). Give c(11).
-8
Let t(c) = c - 2. Let m(a) = -a + 13. Let k be m(8). Let h be 20/(-5) + -1 + k. Calculate t(h).
-2
Let j(d) = d - 13. Let b be 32/(-6)*141/94. Let a be 0 + (-102)/(-24) - (-2)/b. Calculate j(a).
-9
Let j(p) = -p**3 - 8*p**2 + 4*p - 6. Suppose -5*l - 2*c = 0, -3*l - c - c = 0. Suppose -13*t - 104 = -l. Calculate j(t).
-38
Let r(y) = 2*y**2 + 2*y. Let z(q) = -q**2 - 61*q + 259. Let h be z(-65). What is r(h)?
0
Let y(p) = -10*p + 88. Let h be 20/((9/(729/(-24)))/(16/(-72))). What is y(h)?
-62
Let n(h) be the second derivative of h**5/20 - 11*h**4/12 - 11*h**3/6 + 6*h**2 - 223*h - 14. Let w be (-1)/(-4) + 94/8. What is n(w)?
24
Let a(w) = -4*w**3 + 9*w**2 + w - 1. Let o(r) = -5 + 2 + 294*r**2 - 256*r**2 + 4*r - 17*r**3 + r. Let l(c) = -9*a(c) + 2*o(c). Calculate l(3).
15
Let l(h) be the first derivative of -h**3/3 + h**2 + 4*h - 1. Let z be (-37 + 62)*(-81)/15. Let c = -131 - z. Calculate l(c).
-4
Let n = -217 - -354. Let k(j) = -3*j + 66 + 72 - n. Give k(-1).
4
Let y = -17 + 19. Suppose 25*l = -5*h + 26*l - 7, -8 = y*h - 3*l. Let i(w) = 7*w**2 - 1. Give i(h).
6
Let k(x) = -8*x + 63. Let b(v) = -9*v + 52. Let m(q) = 4*b(q) - 3*k(q). Calculate m(3).
-17
Let o(y) = 39*y + 105. Let a be o(-3). Let d(j) = 2*j**2 + 17*j - 22. Give d(a).
62
Let z(k) = -3*k - 5. Let f(g) = -3*g - 6. Let t = 39 + -43. Let b(n) = t*f(n) + 5*z(n). Determine b(-2).
5
Suppose -4*m - 10*m = 4*m. Let g(k) = 3*k**2 + 5*k - 6. Let t(z) = -2*z**2 - 4*z + 8. Let l(c) = -3*g(c) - 4*t(c). Determine l(m).
-14
Let x(b) = -21*b + 40. Let y be x(12). Let a = 206 + y. Let f(u) = -2*u**2 - 8*u - 2. Give f(a).
-26
Let r(u) = -46*u - 22. Let s(j) = -123*j - 64. Let o(g) = -8*r(g) + 3*s(g). What is o(12)?
-28
Let n(h) = h**2 - 2*h - 3. Suppose -3*o = -u - 9, -2 = 3*o - 2*u - 8. Suppose -o*y + 14 = -3*l, -4*l = -6*l + 4. What is n(y)?
12
Let n be ((-130)/(-20))/(2/4). Let w = n - 5. Let s(f) = 2*f + w - 2 - 4. Give s(-3).
-4
Suppose 11*i - 9*i = 3*d + 215, -2*d - i - 134 = 0. Let s be (1 - -51)*d/(-276). Let n(a) = 3*a - 31. De